mon divisor of 608 and n?
38
Suppose 5*s - 178 = 3*b - 7*b, -3*s + 117 = -b. Suppose -4*h = -90 - s. Calculate the highest common divisor of h and 8.
8
Suppose i + 2*a = 6*a + 124, -i - 5*a + 106 = 0. Suppose -i = -4*l + 4*j, 4*j - 54 = -4*l + 22. Calculate the highest common divisor of l and 12.
12
Suppose -o - 4*o = -l + 42, 4*o - 84 = -2*l. What is the highest common factor of 14 and l?
14
Let f = -72 + 68. Let w = 26 - f. What is the highest common divisor of w and 20?
10
Let m = -54 + 80. Suppose -84 + 19 = -5*c. Calculate the greatest common factor of m and c.
13
Let n = 33 + -27. Let r(b) = -b**2 + 4*b + 22. Let z be r(n). What is the greatest common factor of z and 20?
10
Let u = 656 - 630. Let c = 67 + -41. What is the highest common divisor of u and c?
26
Suppose 10*s - 14*s = -2220. Calculate the greatest common factor of 30 and s.
15
Suppose 12 = 5*o - 23. Let t = -431 - -522. What is the greatest common divisor of t and o?
7
Suppose 0 = 5*q + 4*u - 48, 2*q + 2 - 12 = 3*u. Calculate the highest common factor of 136 and q.
8
Suppose 5*g - 3*k = 27, -g + 13*k + 19 = 9*k. Suppose z = -4*x + 29 + 19, 36 = 3*x - 3*z. What is the greatest common factor of x and g?
3
Let w(a) = -2*a + 5. Let j be w(-4). Let s(f) = 16*f**2 + 21*f - 64. Let g be s(3). Calculate the greatest common factor of g and j.
13
Let z be (-4 - -2) + 2 + -50. Let b be 4/18 - z/18. What is the highest common divisor of 9 and b?
3
Let v be ((-6)/5)/((-1)/90). Let n(c) = -5*c + 13. Let w be n(2). Let l be w/((4/(-18))/(15 - 17)). Calculate the highest common factor of l and v.
27
Suppose -3*g - 40 = -31, 4*g = -l + 1241. Calculate the greatest common divisor of l and 7.
7
Suppose r + x - 114 = 3*x, 4*r - 406 = -2*x. Let l = r - 34. Calculate the greatest common factor of l and 10.
10
Let r = -266 - -538. Calculate the greatest common divisor of 16 and r.
16
Suppose -4*k - 3*a + 68 = 0, 3 = k + 3*a - 5. What is the greatest common divisor of k and 40?
20
Suppose 11 = 3*a + 2, -4*x = a - 267. Let j be 342/(-190) + (-458)/(-10). What is the greatest common divisor of x and j?
22
Suppose 0 = 6*p - 5*p - 45. Suppose 7*b - 2*b + 3*m = -274, 3*b + 171 = -4*m. Let w = b - -83. Calculate the greatest common divisor of p and w.
15
Suppose 4*c - 12 + 4 = 0. Suppose -14 = -c*s + 6. What is the greatest common factor of 50 and s?
10
Suppose -7*s = -4*s. Let r be -1*(-1 + (s - 0)). Let l(w) = 3*w**2 + 8*w + 7. Let f be l(-1). Calculate the highest common divisor of r and f.
1
Suppose 4*y + u - 6*u = 20, -3*y + 5*u = -10. Let q = 225 - 1. Let d = 334 - q. What is the greatest common divisor of d and y?
10
Suppose -s + 17 = z - 64, -2*s + 396 = 5*z. Calculate the greatest common factor of z and 195.
39
Suppose 150*v = 146*v + 552. What is the highest common factor of v and 23?
23
Suppose -8 = -2*g + 3*g. Let y(m) = -m - 10. Let i be y(g). Let h = 16 + i. Calculate the highest common factor of 35 and h.
7
Let t(a) = -25*a - 72. Let n be t(-4). What is the greatest common factor of 532 and n?
28
Let y(d) be the first derivative of -9 + 1/2*d**2 + d**4 - d**3 + 2*d. Let m be y(2). Calculate the greatest common divisor of m and 216.
24
Let p(k) = -2*k**3 - 20*k**2 - 26*k - 46. Let t be p(-9). Calculate the highest common divisor of t and 143.
13
Let p = 11 - -14. Let n be p/(-10)*(-42)/5. What is the highest common divisor of 7 and n?
7
Let b be -15 - -18 - 1*-526. Suppose 0 = -7*i + 87 + b. What is the greatest common factor of 11 and i?
11
Suppose -4*l + 42 = 2*v - 4, 5*l + 3*v = 55. Calculate the greatest common divisor of 728 and l.
14
Let u(d) = d + 30. Suppose 4*v - 12 = 4*q - 32, 29 = 5*q - 4*v. Let w be u(q). What is the highest common divisor of 78 and w?
39
Let x = 210 + -206. Let b(m) = m**3 - 7*m**2 + 5*m + 2. Let l be b(6). Let n be (-2)/l - (-250)/x. Calculate the greatest common divisor of n and 9.
9
Let d be 9/3*7/3. Suppose -35 = -0*a - a. Calculate the greatest common divisor of a and d.
7
Let f(v) = 2*v**2 - v + 1. Let k be f(-2). Let z = 1747 + -1725. Calculate the highest common divisor of z and k.
11
Let k be 16/40 - (-54)/(-10). Let o = -9 - k. Let m be o/(-10) - 264/(-15). What is the highest common factor of 36 and m?
18
Let h(v) = -40*v - 16. Let w be h(-1). What is the highest common factor of 20 and w?
4
Let d(j) = -27*j - 107. Let w be d(-30). What is the highest common divisor of w and 19?
19
Suppose 2*s = 8*s. Suppose 5*q = d - 3, 4*q + s*q = 4*d + 4. Let p be q*(3*10)/(-2). What is the greatest common divisor of p and 90?
15
Let x be (-132)/(-2)*171/54. Calculate the greatest common divisor of 38 and x.
19
Let c = 11 + -10. Let i(u) = -3*u**2 + 2*u - 2. Let o be i(c). Let t = o + 19. Calculate the highest common divisor of t and 176.
16
Suppose -3*f + 4 = -2*f. Suppose 115 = 5*z - f*z. Suppose 0 = -4*g + 9*g - z. Calculate the highest common divisor of g and 207.
23
Let u = -30 + 31. Suppose v - 1 = -2*d - 3*d, d + v - u = 0. Suppose 5*z - 66 - 4 = d. Calculate the greatest common factor of 2 and z.
2
Let k be ((-4)/12)/((-2)/24). Let m be -4 - (-43 - k/1). Suppose -3*i + m = -20. Calculate the greatest common divisor of i and 231.
21
Let u be 3 + (-2 - 3/3). Let o be 12 + u/(-4) + 2. Let c be 343/o - 3/(-2). What is the greatest common factor of 65 and c?
13
Let q = 66 - -209. Calculate the highest common factor of 55 and q.
55
Let n = -291 + 306. Calculate the greatest common divisor of n and 960.
15
Suppose 0 = 5*l - 11*l. Suppose l = -3*u - u + 140. Calculate the highest common factor of 5 and u.
5
Let l = -768 - -853. Let u = -7 + 41. Calculate the highest common divisor of u and l.
17
Let i be 12/(-20)*(-90)/1. Suppose 0 = h - 2 - 4. What is the greatest common divisor of i and h?
6
Let a be (2 + -1)*0/5. Suppose 2*m - 196 = 4*r, 294 = 3*m - 2*r - a*r. Suppose 0 = -2*n + n + 14. Calculate the greatest common divisor of n and m.
14
Let x(r) = -2*r - 8. Let b be x(-5). Suppose -4*h + b*q - 62 = -7*h, 5*q + 10 = 0. What is the highest common factor of 198 and h?
22
Suppose -2*o = -4*o. Suppose k = 5*s + 185 + 4, 5*k + s - 1049 = o. Let b be ((-152)/(-12))/((-2)/(-3)). What is the highest common factor of k and b?
19
Suppose -v + 19 = 5*w, 3*w - 4 - 55 = -4*v. Let f(a) = -5*a + 5. Let u be f(-6). What is the highest common factor of v and u?
7
Suppose 4*g - 311 = -5*r, 5*r = 3*g - 8*g + 395. Let h = 35 - 23. What is the greatest common factor of h and g?
12
Let a(z) = -z**3 + 18*z**2 - 18*z - 44. Let r be a(16). What is the greatest common factor of r and 96?
12
Suppose 0 = -3*g + 11 + 7. Suppose -8 = -g*u + 112. Calculate the highest common factor of 80 and u.
20
Suppose 2*a - 3*l = -5*l + 78, -29 = -a - 3*l. Calculate the greatest common divisor of a and 374.
22
Suppose -18*d + 90 = -12*d. Let j be ((-256)/(-20))/(6/d). What is the greatest common factor of 48 and j?
16
Let h = -8 - 11. Let k = -15 - h. Calculate the highest common factor of 12 and k.
4
Let f be (-70)/665 - (-5476)/38. Calculate the highest common factor of 234 and f.
18
Suppose 4*v - 236 = 4*u, -5*u + v = -0*v + 275. Let n = u - -102. Calculate the highest common factor of n and 36.
12
Suppose -12 - 39 = -b. Suppose 2*x = 16*f - 12*f - 140, -3*f = -x - 104. What is the greatest common factor of b and f?
17
Let i be 296/8 + 6/(-1). Calculate the highest common factor of 217 and i.
31
Suppose 6*a + 8*a + 1148 = 0. Let i = a + 87. What is the highest common factor of i and 25?
5
Suppose 5*l + 309 = 5*x + 8*l, -252 = -4*x - 4*l. Let y(m) = m**3 - 7*m**2 + 5*m + 5. Let j be y(7). What is the greatest common factor of j and x?
20
Let u(h) = 12*h - 23. Let k be u(4). Calculate the greatest common divisor of k and 5.
5
Let v be (-3 - -6)*(-26)/(-3). Let h be 192/42 - 4/7. Suppose 0 = -3*c + 4*l + 246, -3*c = -c - h*l - 168. What is the greatest common factor of c and v?
26
Let p = 6427 + -6383. Let v = -4 + 6. Calculate the greatest common divisor of v and p.
2
Suppose 0 = -3*u + 5*u + 4*g - 28, 2*u = -5*g + 32. Let h = 235 - 115. Suppose 0 = 2*z - u*z + h. Calculate the highest common factor of z and 6.
6
Let a(d) = 13*d + 78. Let m be a(-6). Suppose m = -7*g + 11 + 17. Calculate the highest common factor of 44 and g.
4
Suppose 0 = -5*c - 8*k + 13*k + 545, -c - 4*k = -119. What is the grea